{"id":9987,"date":"2024-06-07T14:40:17","date_gmt":"2024-06-07T12:40:17","guid":{"rendered":"https:\/\/www.lastrada-derweg.org\/?page_id=9987"},"modified":"2024-06-17T15:59:00","modified_gmt":"2024-06-17T13:59:00","slug":"il-focolare-2","status":"publish","type":"page","link":"https:\/\/www.lastrada-derweg.org\/?page_id=9987&lang=de","title":{"rendered":"Il Focolare"},"content":{"rendered":"<div class=\"wpb-content-wrapper\"><p>[vc_row][vc_column width=&#8221;1\/2&#8243;][vc_custom_heading text=&#8221;Wo&#8221; use_theme_fonts=&#8221;yes&#8221;][vc_column_text css=&#8221;&#8221;]Wohngemeinschaft \u201cIl Focolare\u201d<br \/>\nEisenkellerweg 2 &#8211; 39100 Bozen<br \/>\nTel. 0471 281 008<br \/>\nMob. 331 6395178<\/p>\n<p><a href=\"mailto:focolare@lastrada-derweg.org\">focolare@lastrada-derweg.org<\/a><\/p>\n<p>Koordinatorin: <strong>Ilaria Perri<\/strong>[\/vc_column_text][vc_custom_heading text=&#8221;Wer&#8221; use_theme_fonts=&#8221;yes&#8221;][vc_column_text css=&#8221;&#8221;]Das Team besteht aus Personen mit unterschiedlichem beruflichem Hintergrund: Psychologe\/innen, Psychotherapeut\/innen, Erzieher\/innen, P\u00e4dagoge\/innen, Fachkr\u00e4fte, Funktionstherapeut\/innen, Haushaltshilfe.<br \/>\nDer Einrichtung <em>Focolare<\/em> ist vom Justizministerium &#8211; Abteilung \u201eJugend- und Gemeinschaftsjustiz &#8211; anerkannt.[\/vc_column_text][\/vc_column][vc_column width=&#8221;1\/2&#8243;][vc_single_image image=&#8221;2199&#8243; img_size=&#8221;full&#8221;][\/vc_column][\/vc_row][vc_row][vc_column][vc_custom_heading text=&#8221;Was&#8221; use_theme_fonts=&#8221;yes&#8221;][vc_column_text]Ziel dieser Wohngemeinschaft ist es m\u00e4nnlichen Jugendliche im kritischen Alter von 14 bis 18 Jahren ein entsprechendes p\u00e4dagogisches Umfeld zu bieten, welches soziale Ausgrenzungsmechanismen so weit wie m\u00f6glich behebt. Unser p\u00e4dagogischer Ansatz stellt den Jugendlichen mit seiner pers\u00f6nliche Geschichte, seinen Erfahrungen, Bed\u00fcrfnisse und Ressourcen in den Mittelpunkt.<br \/>\nWir bieten den Jugendlichen die Gelegenheit neue Perspektiven zu entwickeln und dadurch die eigenen Standpunkte zu \u00fcberdenken. Gemeinsam werden neue Zielsetzungen ausgearbeitet, die regelm\u00e4\u00dfig \u00fcberpr\u00fcft und mit den betroffenen Diensten abgesprochen werden, um eine immer gr\u00f6\u00dferen Selbst\u00e4ndigkeit zu f\u00f6rdern.<br \/>\n[\/vc_column_text][\/vc_column][\/vc_row][vc_row][vc_column width=&#8221;1\/3&#8243;][vc_custom_heading text=&#8221;F\u00fcr wen&#8221; use_theme_fonts=&#8221;yes&#8221;][vc_column_text]Jugendliche zwischen 14 und 18 Jahren in schwierigen Lebenssituationen werden durch die Vermittlung der zust\u00e4ndigen Sozialdienste aufgenommen. Es steht auch ein Platz f\u00fcr Notf\u00e4lle zur Verf\u00fcgung.[\/vc_column_text][\/vc_column][vc_column width=&#8221;1\/3&#8243;][vc_custom_heading text=&#8221;Warum&#8221; use_theme_fonts=&#8221;yes&#8221;][vc_column_text]Das Ziel ist es, den Jugendlichen ein gesch\u00fctztes Ambiente zu bieten, in dem sie mit sozialp\u00e4dagogischer Unterst\u00fctzung und in Zusammenarbeit mit externen Diensten neue Perspektiven f\u00fcr die Zukunft entwickeln und sich besser in die Gesellschaft integrieren k\u00f6nnen. Hauptziel ist es, die jungen Menschen in den verschiedenen Bereichen des t\u00e4glichen Lebens so selbst\u00e4ndig wie m\u00f6glich zu machen, um in Zukunft einen autonomen Weg einschlagen zu k\u00f6nnen.[\/vc_column_text][\/vc_column][vc_column width=&#8221;1\/3&#8243;][vc_custom_heading text=&#8221;Wann&#8221; use_theme_fonts=&#8221;yes&#8221;][vc_column_text]Die Einrichtung ist das ganze Jahr \u00fcber 24 Stunden t\u00e4glich ge\u00f6ffnet. [\/vc_column_text][\/vc_column][\/vc_row]<\/p>\n<\/div>","protected":false},"excerpt":{"rendered":"<p>[vc_row][vc_column width=&#8221;1\/2&#8243;][vc_custom_heading text=&#8221;Wo&#8221; use_theme_fonts=&#8221;yes&#8221;][vc_column_text css=&#8221;&#8221;]Wohngemeinschaft \u201cIl Focolare\u201d Eisenkellerweg 2 &#8211; 39100 Bozen Tel. 0471 281 008 Mob. 331 6395178 focolare@lastrada-derweg.org Koordinatorin: Ilaria Perri[\/vc_column_text][vc_custom_heading text=&#8221;Wer&#8221; use_theme_fonts=&#8221;yes&#8221;][vc_column_text css=&#8221;&#8221;]Das Team besteht aus Personen mit unterschiedlichem beruflichem Hintergrund: Psychologe\/innen, Psychotherapeut\/innen, Erzieher\/innen, P\u00e4dagoge\/innen, Fachkr\u00e4fte, Funktionstherapeut\/innen, Haushaltshilfe. Der Einrichtung Focolare ist vom Justizministerium &#8211; Abteilung \u201eJugend- und Gemeinschaftsjustiz &#8211; anerkannt.[\/vc_column_text][\/vc_column][vc_column width=&#8221;1\/2&#8243;][vc_single_image&hellip;<\/p>\n","protected":false},"author":2,"featured_media":0,"parent":0,"menu_order":0,"comment_status":"closed","ping_status":"closed","template":"","meta":{"footnotes":""},"class_list":["post-9987","page","type-page","status-publish","hentry","description-off"],"_links":{"self":[{"href":"https:\/\/www.lastrada-derweg.org\/index.php?rest_route=\/wp\/v2\/pages\/9987","targetHints":{"allow":["GET"]}}],"collection":[{"href":"https:\/\/www.lastrada-derweg.org\/index.php?rest_route=\/wp\/v2\/pages"}],"about":[{"href":"https:\/\/www.lastrada-derweg.org\/index.php?rest_route=\/wp\/v2\/types\/page"}],"author":[{"embeddable":true,"href":"https:\/\/www.lastrada-derweg.org\/index.php?rest_route=\/wp\/v2\/users\/2"}],"replies":[{"embeddable":true,"href":"https:\/\/www.lastrada-derweg.org\/index.php?rest_route=%2Fwp%2Fv2%2Fcomments&post=9987"}],"version-history":[{"count":8,"href":"https:\/\/www.lastrada-derweg.org\/index.php?rest_route=\/wp\/v2\/pages\/9987\/revisions"}],"predecessor-version":[{"id":10184,"href":"https:\/\/www.lastrada-derweg.org\/index.php?rest_route=\/wp\/v2\/pages\/9987\/revisions\/10184"}],"wp:attachment":[{"href":"https:\/\/www.lastrada-derweg.org\/index.php?rest_route=%2Fwp%2Fv2%2Fmedia&parent=9987"}],"curies":[{"name":"wp","href":"https:\/\/api.w.org\/{rel}","templated":true}]}}

<div class="wpb-content-wrapper"><p>[vc_row][vc_column width=&#8221;1/2&#8243;][vc_custom_heading text=&#8221;Wo&#8221; use_theme_fonts=&#8221;yes&#8221;][vc_column_text css=&#8221;&#8221;]Wohngemeinschaft “Il Focolare”<br />
Eisenkellerweg 2 &#8211; 39100 Bozen<br />
Tel. 0471 281 008<br />
Mob. 331 6395178</p>
<p><a href="mailto:focolare@lastrada-derweg.org">focolare@lastrada-derweg.org</a></p>
<p>Koordinatorin: <strong>Ilaria Perri</strong>[/vc_column_text][vc_custom_heading text=&#8221;Wer&#8221; use_theme_fonts=&#8221;yes&#8221;][vc_column_text css=&#8221;&#8221;]Das Team besteht aus Personen mit unterschiedlichem beruflichem Hintergrund: Psychologe/innen, Psychotherapeut/innen, Erzieher/innen, Pädagoge/innen, Fachkräfte, Funktionstherapeut/innen, Haushaltshilfe.<br />
Der Einrichtung <em>Focolare</em> ist vom Justizministerium &#8211; Abteilung „Jugend- und Gemeinschaftsjustiz &#8211; anerkannt.[/vc_column_text][/vc_column][vc_column width=&#8221;1/2&#8243;][vc_single_image image=&#8221;2199&#8243; img_size=&#8221;full&#8221;][/vc_column][/vc_row][vc_row][vc_column][vc_custom_heading text=&#8221;Was&#8221; use_theme_fonts=&#8221;yes&#8221;][vc_column_text]Ziel dieser Wohngemeinschaft ist es männlichen Jugendliche im kritischen Alter von 14 bis 18 Jahren ein entsprechendes pädagogisches Umfeld zu bieten, welches soziale Ausgrenzungsmechanismen so weit wie möglich behebt. Unser pädagogischer Ansatz stellt den Jugendlichen mit seiner persönliche Geschichte, seinen Erfahrungen, Bedürfnisse und Ressourcen in den Mittelpunkt.<br />
Wir bieten den Jugendlichen die Gelegenheit neue Perspektiven zu entwickeln und dadurch die eigenen Standpunkte zu überdenken. Gemeinsam werden neue Zielsetzungen ausgearbeitet, die regelmäßig überprüft und mit den betroffenen Diensten abgesprochen werden, um eine immer größeren Selbständigkeit zu fördern.<br />
[/vc_column_text][/vc_column][/vc_row][vc_row][vc_column width=&#8221;1/3&#8243;][vc_custom_heading text=&#8221;Für wen&#8221; use_theme_fonts=&#8221;yes&#8221;][vc_column_text]Jugendliche zwischen 14 und 18 Jahren in schwierigen Lebenssituationen werden durch die Vermittlung der zuständigen Sozialdienste aufgenommen. Es steht auch ein Platz für Notfälle zur Verfügung.[/vc_column_text][/vc_column][vc_column width=&#8221;1/3&#8243;][vc_custom_heading text=&#8221;Warum&#8221; use_theme_fonts=&#8221;yes&#8221;][vc_column_text]Das Ziel ist es, den Jugendlichen ein geschütztes Ambiente zu bieten, in dem sie mit sozialpädagogischer Unterstützung und in Zusammenarbeit mit externen Diensten neue Perspektiven für die Zukunft entwickeln und sich besser in die Gesellschaft integrieren können. Hauptziel ist es, die jungen Menschen in den verschiedenen Bereichen des täglichen Lebens so selbständig wie möglich zu machen, um in Zukunft einen autonomen Weg einschlagen zu können.[/vc_column_text][/vc_column][vc_column width=&#8221;1/3&#8243;][vc_custom_heading text=&#8221;Wann&#8221; use_theme_fonts=&#8221;yes&#8221;][vc_column_text]Die Einrichtung ist das ganze Jahr über 24 Stunden täglich geöffnet. [/vc_column_text][/vc_column][/vc_row]</p>
</div>

<p>[vc_row][vc_column width=&#8221;1/2&#8243;][vc_custom_heading text=&#8221;Wo&#8221; use_theme_fonts=&#8221;yes&#8221;][vc_column_text css=&#8221;&#8221;]Wohngemeinschaft “Il Focolare” Eisenkellerweg 2 &#8211; 39100 Bozen Tel. 0471 281 008 Mob. 331 6395178 focolare@lastrada-derweg.org Koordinatorin: Ilaria Perri[/vc_column_text][vc_custom_heading text=&#8221;Wer&#8221; use_theme_fonts=&#8221;yes&#8221;][vc_column_text css=&#8221;&#8221;]Das Team besteht aus Personen mit unterschiedlichem beruflichem Hintergrund: Psychologe/innen, Psychotherapeut/innen, Erzieher/innen, Pädagoge/innen, Fachkräfte, Funktionstherapeut/innen, Haushaltshilfe. Der Einrichtung Focolare ist vom Justizministerium &#8211; Abteilung „Jugend- und Gemeinschaftsjustiz &#8211; anerkannt.[/vc_column_text][/vc_column][vc_column width=&#8221;1/2&#8243;][vc_single_image&hellip;</p>
